{"id":2172,"date":"2016-06-08T20:02:00","date_gmt":"2016-06-08T20:02:00","guid":{"rendered":"https:\/\/lco-cdo.thedev.ca\/publications\/comprendre-le-vecu-des-personnes-des-aidants-et-des-familles-touches-par-la-fragilite-les-maladies-chroniques-et-la-demence-en-ontario-etude-commandee\/"},"modified":"2026-03-03T21:06:42","modified_gmt":"2026-03-03T21:06:42","slug":"comprendre-le-vecu-des-personnes-des-aidants-et-des-familles-touches-par-la-fragilite-les-maladies-chroniques-et-la-demence-en-ontario-etude-commandee","status":"publish","type":"publication","link":"https:\/\/lco-cdo.org\/fr\/publications\/comprendre-le-vecu-des-personnes-des-aidants-et-des-familles-touches-par-la-fragilite-les-maladies-chroniques-et-la-demence-en-ontario-etude-commandee\/","title":{"rendered":"Comprendre le v\u00e9cu des personnes, des aidants et des familles touch\u00e9s par la fragilit\u00e9, les maladies chroniques et la d\u00e9mence en Ontario | \u00c9tude command\u00e9e"},"content":{"rendered":"","protected":false},"featured_media":2171,"template":"","report-type":[91],"project-taxonomy":[136],"file-format":[],"language":[],"class_list":["post-2172","publication","type-publication","status-publish","has-post-thumbnail","hentry","report-type-etude-commandee","project-taxonomy-derniers-moments-de-la-vie"],"meta_box":{"document_project":[{"term_id":136,"name":"Derniers moments de la vie","slug":"derniers-moments-de-la-vie","term_group":0,"term_taxonomy_id":136,"taxonomy":"project-taxonomy","description":"","parent":0,"count":13,"filter":"raw","term_order":"0"}],"show_document":"1","document_type":{"term_id":91,"name":"\u00c9tude command\u00e9e","slug":"etude-commandee","term_group":0,"term_taxonomy_id":91,"taxonomy":"report-type","description":"","parent":0,"count":36,"filter":"raw","term_order":"0"},"document_authors":"Dr. Mary Chiu, Dr. Adrian Grek, Sonia Meerai, LJ Nelles, Dr. Joel Sadavoy, Dr. Virginia Wesson","documents":[{"document_title":"Understanding the Lived Experience of Individuals, Caregivers and Families Touched by Frailty, Chronic Illness and Dementia in Ontario | Commissioned Study","document_file_upload":"https:\/\/lco-cdo.org\/wp-content\/uploads\/Chiu-et-al-Final-Report-LCO-July-2016.pdf","doc_language":["18"],"doc_format":"13"}]},"_links":{"self":[{"href":"https:\/\/lco-cdo.org\/fr\/wp-json\/wp\/v2\/publication\/2172","targetHints":{"allow":["GET"]}}],"collection":[{"href":"https:\/\/lco-cdo.org\/fr\/wp-json\/wp\/v2\/publication"}],"about":[{"href":"https:\/\/lco-cdo.org\/fr\/wp-json\/wp\/v2\/types\/publication"}],"wp:featuredmedia":[{"embeddable":true,"href":"https:\/\/lco-cdo.org\/fr\/wp-json\/wp\/v2\/media\/2171"}],"wp:attachment":[{"href":"https:\/\/lco-cdo.org\/fr\/wp-json\/wp\/v2\/media?parent=2172"}],"wp:term":[{"taxonomy":"report-type","embeddable":true,"href":"https:\/\/lco-cdo.org\/fr\/wp-json\/wp\/v2\/report-type?post=2172"},{"taxonomy":"project-taxonomy","embeddable":true,"href":"https:\/\/lco-cdo.org\/fr\/wp-json\/wp\/v2\/project-taxonomy?post=2172"},{"taxonomy":"file-format","embeddable":true,"href":"https:\/\/lco-cdo.org\/fr\/wp-json\/wp\/v2\/file-format?post=2172"},{"taxonomy":"language","embeddable":true,"href":"https:\/\/lco-cdo.org\/fr\/wp-json\/wp\/v2\/language?post=2172"}],"curies":[{"name":"wp","href":"https:\/\/api.w.org\/{rel}","templated":true}]}}

Comprendre le vécu des personnes, des aidants et des familles touchés par la fragilité, les maladies chroniques et la démence en Ontario | Étude commandée

Étude commandée
