{"id":1991,"date":"2013-10-16T19:30:00","date_gmt":"2013-10-16T19:30:00","guid":{"rendered":"https:\/\/lco-cdo.thedev.ca\/?post_type=publication&#038;p=1991"},"modified":"2026-03-03T22:21:44","modified_gmt":"2026-03-03T22:21:44","slug":"capacity-of-adults-with-mental-disabilities-and-the-federal-rdsp-consultation-paper","status":"publish","type":"publication","link":"https:\/\/lco-cdo.org\/en\/publications\/capacity-of-adults-with-mental-disabilities-and-the-federal-rdsp-consultation-paper\/","title":{"rendered":"Capacity of Adults with Mental Disabilities and the Federal RDSP | Consultation Paper"},"content":{"rendered":"\n<p>See also the <a href=\"https:\/\/lco-cdo.org\/en\/publications\/capacity-of-adults-with-mental-disabilities-and-the-federal-rdsp-consultation-paper-summary\/\">Consultation Paper Summary<\/a>.<\/p>\n","protected":false},"featured_media":1994,"template":"","report-type":[76],"project-taxonomy":[116],"file-format":[],"language":[],"class_list":["post-1991","publication","type-publication","status-publish","has-post-thumbnail","hentry","report-type-consultation-paper","project-taxonomy-federal-rdsp-capacity-and-legal-representation"],"meta_box":{"document_project":[{"term_id":116,"name":"Federal RDSP, Capacity and Legal Representation","slug":"federal-rdsp-capacity-and-legal-representation","term_group":0,"term_taxonomy_id":116,"taxonomy":"project-taxonomy","description":"","parent":0,"count":7,"filter":"raw","term_order":"0"}],"show_document":"0","document_type":{"term_id":76,"name":"Consultation Paper","slug":"consultation-paper","term_group":0,"term_taxonomy_id":76,"taxonomy":"report-type","description":"Consultation paper, discussion paper","parent":0,"count":22,"filter":"raw","term_order":"0"},"document_authors":"","documents":[{"document_title":"Capacity of Adults with Mental Disabilities and the Federal RDSP","document_file_upload":"https:\/\/lco-cdo.org\/wp-content\/uploads\/rdsp-discussion-paper.pdf","doc_language":["18"],"doc_format":"13"},{"document_title":"La capacit\u00e9 des adultes handicap\u00e9s mentaux et le REEI f\u00e9d\u00e9ral","document_file_upload":"https:\/\/lco-cdo.org\/wp-content\/uploads\/rdsp-discussion-paper-fr.pdf","doc_language":["19"],"doc_format":"13"}]},"_links":{"self":[{"href":"https:\/\/lco-cdo.org\/en\/wp-json\/wp\/v2\/publication\/1991","targetHints":{"allow":["GET"]}}],"collection":[{"href":"https:\/\/lco-cdo.org\/en\/wp-json\/wp\/v2\/publication"}],"about":[{"href":"https:\/\/lco-cdo.org\/en\/wp-json\/wp\/v2\/types\/publication"}],"wp:featuredmedia":[{"embeddable":true,"href":"https:\/\/lco-cdo.org\/en\/wp-json\/wp\/v2\/media\/1994"}],"wp:attachment":[{"href":"https:\/\/lco-cdo.org\/en\/wp-json\/wp\/v2\/media?parent=1991"}],"wp:term":[{"taxonomy":"report-type","embeddable":true,"href":"https:\/\/lco-cdo.org\/en\/wp-json\/wp\/v2\/report-type?post=1991"},{"taxonomy":"project-taxonomy","embeddable":true,"href":"https:\/\/lco-cdo.org\/en\/wp-json\/wp\/v2\/project-taxonomy?post=1991"},{"taxonomy":"file-format","embeddable":true,"href":"https:\/\/lco-cdo.org\/en\/wp-json\/wp\/v2\/file-format?post=1991"},{"taxonomy":"language","embeddable":true,"href":"https:\/\/lco-cdo.org\/en\/wp-json\/wp\/v2\/language?post=1991"}],"curies":[{"name":"wp","href":"https:\/\/api.w.org\/{rel}","templated":true}]}}

La capacité des adultes handicapés mentaux et le REEI fédéral
